 45?
True
Is 21052317 a multiple of 33?
True
Is 731 a factor of 33829949?
True
Is 21 a factor of 3004533?
True
Does 263 divide 6205109?
False
Does 249 divide 220362759?
True
Is 22224667 a multiple of 9?
False
Does 57 divide 252434815?
False
Does 392 divide 749444538?
False
Is 14527000 a multiple of 6?
False
Is 89968065 a multiple of 9?
False
Is 6265943 a multiple of 6?
False
Is 12 a factor of 173884368?
True
Is 22372986 a multiple of 18?
False
Does 66 divide 7929857?
False
Is 7046758 a multiple of 19?
True
Is 111 a factor of 1191447017?
False
Is 830638381 a multiple of 48?
False
Is 29 a factor of 32712493?
True
Does 1147 divide 1159566965?
False
Does 48 divide 9973920?
True
Is 19869108 a multiple of 28?
True
Is 314862288 a multiple of 43?
False
Is 64550000 a multiple of 40?
True
Does 5 divide 113318776?
False
Is 564028763 a multiple of 138?
False
Does 488 divide 57102764?
False
Is 1206 a factor of 17561772?
True
Does 2542 divide 60052208?
True
Is 11918883 a multiple of 151?
True
Does 30 divide 7323922?
False
Does 26 divide 61018707?
False
Is 219 a factor of 2327758532?
False
Does 7 divide 16219840?
True
Is 697811329 a multiple of 5?
False
Does 235 divide 506066783?
False
Is 739665234 a multiple of 322?
True
Does 2256 divide 292165391?
False
Does 2036 divide 69669603?
False
Is 133 a factor of 1184233?
False
Is 560876936 a multiple of 29?
True
Is 219281863 a multiple of 7342?
False
Is 1901 a factor of 26348121?
False
Is 198115658 a multiple of 2509?
True
Is 1599857424 a multiple of 88?
True
Does 2540 divide 17280370?
False
Is 50 a factor of 267569900?
True
Does 650 divide 10503350?
True
Is 19 a factor of 105488682?
False
Does 46 divide 1485968406?
True
Does 2451 divide 49619533?
False
Is 159 a factor of 102334308?
True
Is 691775529 a multiple of 27?
False
Is 1608 a factor of 58558536?
True
Is 106470140 a multiple of 203?
False
Is 49369695 a multiple of 4665?
True
Does 261 divide 855993609?
True
Is 644 a factor of 271659028?
False
Is 15 a factor of 242540805?
True
Is 11462391 a multiple of 9?
True
Is 114970940 a multiple of 1085?
True
Does 15 divide 7367835?
True
Is 5553 a factor of 229227840?
True
Is 1493 a factor of 192531308?
True
Does 5 divide 157560?
True
Is 1250948300 a multiple of 5467?
False
Is 9 a factor of 3070824?
False
Is 70715051 a multiple of 1831?
True
Is 3248 a factor of 227175834?
False
Does 388 divide 729176932?
False
Does 17 divide 105600260?
True
Is 11 a factor of 588300086?
True
Is 11 a factor of 166485088?
True
Is 16753596 a multiple of 49?
False
Is 23294238 a multiple of 74?
True
Is 361700790 a multiple of 7884?
False
Is 332707660 a multiple of 14?
False
Is 1352054717 a multiple of 3139?
False
Is 17 a factor of 739582467?
True
Is 460 a factor of 231587028?
False
Is 1741899096 a multiple of 18?
True
Is 112222551 a multiple of 116?
False
Is 2508 a factor of 18088542?
False
Is 84112708 a multiple of 125?
False
Is 394051826 a multiple of 7?
True
Is 10 a factor of 147271337?
False
Is 36802689 a multiple of 231?
True
Does 85 divide 3287066861?
False
Is 9 a factor of 55956634?
False
Is 249697876 a multiple of 239?
False
Is 14 a factor of 775422816?
True
Is 369557465 a multiple of 38?
False
Does 1007 divide 239634093?
False
Does 14 divide 582491344?
False
Is 151 a factor of 3370600709?
True
Does 12 divide 21343008?
True
Is 2178 a factor of 211729914?
True
Is 186935393 a multiple of 19?
False
Does 18 divide 187701948?
True
Is 1137075544 a multiple of 684?
False
Is 21 a factor of 39466140?
True
Is 641 a factor of 1637432233?
False
Does 2349 divide 69457747?
False
Is 92 a factor of 372220750?
False
Does 45 divide 8787324?
False
Does 543 divide 3174775096?
False
Is 49874748 a multiple of 66?
True
Does 97 divide 183414712?
False
Is 43 a factor of 1043087639?
False
Does 132 divide 8884973?
False
Is 89 a factor of 1036095925?
False
Is 563 a factor of 159656103?
True
Is 19 a factor of 3883161694?
False
Does 150 divide 204169050?
True
Does 189 divide 35465472?
True
Does 562 divide 29212289?
False
Does 74 divide 167740314?
True
Is 259313430 a multiple of 4900?
False
Does 261 divide 53843256?
True
Does 37 divide 7898575?
True
Does 2101 divide 2137543617?
False
Is 212 a factor of 98676628?
False
Does 15 divide 24267465?
True
Is 1016327750 a multiple of 10?
True
Is 121293282 a multiple of 501?
False
Is 179 a factor of 5274908?
False
Is 1269708235 a multiple of 209?
False
Does 8 divide 1526770300?
False
Is 266610432 a multiple of 12?
True
Is 555375207 a multiple of 4713?
True
Does 136 divide 506826848?
True
Is 20 a factor of 18754792?
False
Is 8182 a factor of 469292244?
False
Is 873 a factor of 82518579?
True
Does 25 divide 307896264?
False
Is 59205891 a multiple of 24?
False
Is 2693222525 a multiple of 6925?
True
Is 73069216 a multiple of 1804?
True
Does 3603 divide 10960326?
True
Is 3393714536 a multiple of 178?
True
Does 202 divide 204235332?
True
Is 38211561 a multiple of 643?
True
Is 61191000 a multiple of 22?
False
Is 2710 a factor of 76876303?
False
Is 10 a factor of 46495188?
False
Is 373 a factor of 131761906?
False
Is 7 a factor of 688277555?
True
Does 2844 divide 1152391644?
True
Does 372 divide 48276524?
False
Is 353 a factor of 34542035?
False
Is 14 a factor of 4432414?
True
Does 358 divide 346936010?
True
Is 201 a factor of 314457933?
False
Is 76658902 a multiple of 1151?
True
Does 3520 divide 757778560?
True
Does 353 divide 81895744?
False
Is 2330034 a multiple of 14?
True
Does 4776 divide 673613530?
False
Is 4750695 a multiple of 3?
True
Is 2106780284 a multiple of 238?
True
Is 156052092 a multiple of 22?
False
Is 2789758 a multiple of 15?
False
Is 507637746 a multiple of 1793?
True
Does 94 divide 28291999?
False
Does 53 divide 3235812293?
False
Is 32 a factor of 33528092?
False
Does 202 divide 346106708?
False
Is 102690159 a multiple of 62?
False
Does 17 divide 59958178?
False
Is 40 a factor of 42957409?
False
Does 1311 divide 108470373?
False
Does 120 divide 766067160?
True
Does 9 divide 5787396?
True
Is 219880331 a multiple of 32?
False
Does 769 divide 1007310793?
True
Is 38170160 a multiple of 80?
True
Does 21 divide 79446801?
True
Is 680 a factor of 376224667?
False
Is 9 a factor of 2515838922?
True
Does 373 divide 32491834?
False
Is 104 a factor of 175534632?
True
Is 36 a factor of 928558080?
True
Does 488 divide 3004236848?
False
Is 11 a factor of 27313814?
True
Is 508 a factor of 14945360?
True
Is 4010733 a multiple of 2?
False
Is 18682670 a multiple of 58?
True
Is 53693937 a multiple of 7?
False
Does 598 divide 2630377152?
True
Is 44181633 a multiple of 173?
False
Is 1082428980 a multiple of 6?
True
Does 2773 divide 634311361?
False
Does 172 divide 633641453?
False
Is 9159168 a multiple of 6?
True
Does 5123 divide 147599680?
False
Does 28 divide 17586976?
False
Is 22527359 a multiple of 9?
False
Is 4 a factor of 34307808?
True
Is 26060104 a multiple of 28?
True
Is 2563963732 a multiple of 46?
True
Is 12521281 a multiple of 393?
False
Does 2 divide 36804422?
True
Is 1933 a factor of 77051467?
False
Is 61 a factor of 160980037?
True
Is 308 a factor of 1062600?
True
Is 42 a factor of 42104580?
True
Is 96 a factor of 461813925?
False
Is 2419617085 a multiple of 474?
False
Is 1951 a factor of 16583500?
True
Does 14 divide 328065010?
True
Is 13833600 a multiple of 1320?
True
Does 100 divide 66539800?
True
Is 1099 a factor of 25740778?
True
Is 160702367 a multiple of 2614?
False
Is 262 a factor of 644395801?
False
Is 297 a factor of 18290448?
True
Is 1719 a factor of 125535522?
False
Does 102 divide 957942282?
True
Is 1343666495 a multiple of 11?
False
Does 88 divide 52806975?
False
Is 145 a factor of 134091861?
False
Is 4 a factor of 9917965?
False
Is 568418262 a multiple of 900?
False
Does 8 divide 196707089?
False
Is 133997432 a multiple of 597?
False
Is 90 a factor of 21262016?
False
Is 1223006386 a multiple of 8?
False
Is 623 a factor of 32876135?
False
Is 84222739 a multiple of 4267?
False
Does 147 divide 101041479?
True
Is 37 a factor of 1939792827?
False
Is 5 a factor of 695960145?
True
Does 113 divide 74990151?
False
Is 383519448 a multiple of 81?
True
Is 707706738 a multiple of 270?
False
Is 333 a factor of 1125748?
False
Is 493068480 a multiple of 685?
True
Does 54 divide 16415359?
False
Is 2244830176 a multipl